) = -k(l) - m(l). Let t(h) = h**2 + 6*h - 1. Let w be t(-5). Let q = w - -3. Calculate a(q).
-3
Suppose -5*v = -0*v + x + 25, 5*v = 3*x - 25. Let h(d) = -6 - d**2 + 4*d - d + 2*d**2. Determine h(v).
4
Let s(r) = -r**2 - 7*r - 5. Let w(h) = h**3 - 4*h**2 + 4*h - 1. Let t be w(4). Suppose 0 = -4*f - t - 9. Give s(f).
1
Let k(m) = -9*m**2 - m. Suppose -2*j - 4 = 2*j. Determine k(j).
-8
Let q(w) be the second derivative of -7*w**3/6 + w**2/2 - w. Let s be (4/(-4))/(3/(2 - 5)). Give q(s).
-6
Suppose -4 - 6 = -5*s. Suppose -m + 0 = -1. Let k(l) = 0*l + m - 2*l + 4*l. Give k(s).
5
Let a(y) = 11*y**3 - 2*y + 1. Suppose 2*p = -2*f + 8, 3*p - 7*p = f - 4. Let w be -1 - (f/(-1) + 2). Calculate a(w).
10
Suppose -4*u - 3*y = 5 + 6, 0 = -5*u + 5*y + 30. Let v be u/1 - (-3)/3. Let z(w) = -w**2 + 3*w. Give z(v).
2
Let i(o) = -26*o + 11. Let z(q) = 9*q - 4. Let w(j) = 6*i(j) + 17*z(j). Let c(m) = m**3 + 6*m**2 - 7*m + 2. Let x be c(-7). What is w(x)?
-8
Let q be 2 + 1 + -2 - -3. Let a(d) = 4*d + d**3 - 7 - 2*d**3 + 1 + 0*d**3 + 4*d**2. Give a(q).
10
Let d be (-2)/3*(-3 + 6). Let b(q) = -3*q**3 - q**2 + q - 2. Determine b(d).
16
Let r(h) = h**2 + h. Let i be (-2)/(-4)*5*4. Suppose -3*p = 2*p - i. Suppose -p*b + 0 - 4 = 0. What is r(b)?
2
Let u(s) be the first derivative of s**4/12 + s**3/6 - s**2/2 + 2*s - 4. Let g(q) be the first derivative of u(q). Calculate g(-2).
1
Let h(g) = -16*g. Let o(b) = b. Let c(r) = -h(r) - 12*o(r). Determine c(1).
4
Let c = 125 - 121. Let g(h) be the first derivative of -1/3*h**3 + c - 2*h - 3/2*h**2. Calculate g(-2).
0
Let l be -6*((-3)/6 - 2). Suppose g = 4*j - 6 + 21, 3*j + l = 2*g. Let q(f) = -f - 1. Give q(j).
2
Let f(p) = p**2 - 4*p + 1. Let a be f(4). Let h(l) = 9*l + 11*l - 9*l. Calculate h(a).
11
Let o(m) = -4*m - 18. Let s be o(-6). Let k(t) = 2*t - 4*t + s*t**2 - 1 - 10*t**2 - t**3. What is k(-3)?
-4
Let o be (-27)/(-12) - 1/4. Suppose -o + 22 = 4*a. Let d(h) = 15*h**2 - 8*h + 3. Let w(m) = -7*m**2 + 4*m - 1. Let f(n) = -6*d(n) - 13*w(n). Give f(a).
0
Let w be (1/(-2))/((-4)/16). Let z(b) = 3*b + 5*b - 9*b + 1 + w*b. Determine z(-3).
-2
Let i(x) be the second derivative of x**5/20 + 5*x**4/12 - x**3/3 - 9*x. Calculate i(-5).
10
Suppose -2*g - 2 = -2*z + g, -z + g + 2 = 0. Suppose 0*p + 12 = z*p. Suppose -2*x + p*l - 4 = -0*l, 0 = -x + 2*l - 3. Let d(n) = 2*n + 1. Determine d(x).
3
Let k(y) = -4*y**2 + 1. Let z(r) = 14*r**2 + r. Let x be z(-1). Let f = 12 - x. Calculate k(f).
-3
Let j(a) = -5*a - 5. Let x(n) = n**3 + 6*n**2 + 2*n + 9. Let z be x(-6). Let g(w) = -2*w - 2. Let m(h) = z*j(h) + 8*g(h). Give m(5).
-6
Let o(z) = 3*z - 2 - 4 + 1 + z**2 + 2 + z**3. Let g(i) = 4*i**3 + 4*i**2 + 13*i - 12. Let n(c) = -2*g(c) + 9*o(c). Determine n(0).
-3
Let k(d) = d**3 - 5*d**2 + d + 5. Let i = 4 - 11. Let u(o) = -o - 3. Let j(s) = -2*s - 6. Let p(f) = 4*j(f) - 7*u(f). Let n be p(i). Calculate k(n).
-7
Let t(d) = 4 + 16*d - 17 - 15*d. Determine t(11).
-2
Suppose 2 + 4 = 3*a. Let c = a + 3. Let k(x) = -x**3 + 4*x**2 + 5*x - 4. Determine k(c).
-4
Let x = -6 - -8. Let s(h) = 0*h - 6 - 4*h - 4*h + 3*h**2. Let g(d) = d + 1. Let w(b) = -6*g(b) - s(b). What is w(x)?
-8
Let n(a) = a - 5. Let g = -8 - -16. Give n(g).
3
Suppose -y = 4*c + 12, -5*c - 10 = 3*y - 2. Let t(m) = -y*m**3 + 2*m**3 + 3*m**3 + 4*m**2 + 6 + m - 1. Let x(j) = j + 1. Let k be x(-5). Give t(k).
1
Let k = 1599 + -191879/120. Let z(q) be the third derivative of 5/24*q**4 + 0*q - 1/15*q**5 - 4*q**2 + 0 - k*q**6 - 5/6*q**3. Determine z(-5).
-5
Let l(u) be the second derivative of -u**3/6 + 13*u**2/2 - 14*u. Calculate l(9).
4
Let f be 160/6 - (-2)/6. Suppose 5*i - 5*o = f + 13, 4 = 2*o. Let z be i/15*(-3)/2. Let r(g) = 5*g. Give r(z).
-5
Let z(h) be the first derivative of 5*h - 1 + 1/2*h**2. Determine z(-4).
1
Let l(y) be the first derivative of -5*y**3/3 + y**2/2 + 1. Let n be (1*28)/2 - -1. Suppose 3*s - 4*x - n = 0, -s - x = 2*s. Give l(s).
-4
Let k(a) = -a**3 - 3*a**2 + a + 1. Let s = -9 - -6. Let f be (-2 + 5)/3 + s. What is k(f)?
-5
Let l(g) = -g**3 - 5*g**2 + 8*g + 8. Suppose -24 = 5*q - q. Calculate l(q).
-4
Let w(k) = -2*k**2 + 9*k - 15. Let t(c) = 3*c**2 - 13*c + 23. Let p(y) = 5*t(y) + 8*w(y). Give p(5).
5
Let u(h) = 3*h - 3. Let t(w) = -4*w + 4. Let a(f) = 5*t(f) + 7*u(f). Let d be a(4). Let b = d - 3. Let q(z) = z**3 - z**2 + z + 6. Give q(b).
6
Let d(x) = 4 + 3*x**2 - 2*x**2 - 2*x**2. Give d(0).
4
Let n(l) = 2*l**2 + 12*l + 2. Let q(w) = -w**2 - w - 1. Let z(v) = -n(v) - 3*q(v). Calculate z(9).
1
Let q be 2/(-1 + 10/6). Let l(v) = 2*v - 3*v**2 + 0*v**q + 2*v**3 - 2 - v. Let n be (-25)/(-5) - (0 - -3). What is l(n)?
4
Let v(i) = 9*i**3 + 2*i**2 + i. Let s be v(-1). Let r(z) = -7*z + 5 - 4 + 5 - z**2. Let g be r(s). Let h(b) = b**3 + 2*b**2 + b - 2. Give h(g).
-4
Let k(s) = -s**3 + 6*s**2 - 6*s + 7. Let z be k(5). Suppose -1 = -3*p + z, 5*p = -2*t - 3. Let b be (t/5)/((-2)/5). Let j(x) = 2*x**3 - 2*x**2 - x. Give j(b).
6
Let s(g) = -g**2 - g - 2. Let r be 8/3*6/4. Suppose r*v - 5*v = 0. Calculate s(v).
-2
Let y(l) be the second derivative of -l**5/20 + l**4/2 - l**3/3 + 2*l**2 - 50*l. Give y(6).
-8
Let p(a) be the second derivative of -2*a**3/3 + 5*a**2/2 - 3*a. Let x be (-8)/(-4 + 2) - -1. Let t(h) = 6*h - 7. Let r(m) = x*t(m) + 7*p(m). Determine r(-3).
-6
Let t(f) = f**2 - f - 3. Let n be (1/(-2))/((-4)/24). Let a be t(n). Let r(m) = -a*m + m**2 + m + 0*m. Give r(3).
3
Suppose 5*s - 15 = -5. Suppose -g + s - 6 = 0. Let h(d) = -d**3 - 4*d**2 + d - 4. Give h(g).
-8
Let u(w) = 2*w**2 + 8*w - 1. Suppose -4*q - 12 = -0. Let x(p) = p**2 + 4*p. Let g(j) = q*u(j) + 5*x(j). Give g(-5).
-2
Let s(o) = 3*o**2 + 3*o - 4. Let p(q) = -12*q**2 - 13*q + 17. Let i(l) = -2*p(l) - 9*s(l). What is i(-2)?
-8
Let o(s) = s**2 - 5*s - 4. Let f(y) be the second derivative of y**4/6 - 11*y**3/6 - 7*y**2/2 + y. Let b(k) = 2*f(k) - 5*o(k). Calculate b(5).
-4
Suppose z + 14 = 5*v, 0*z + 4*v - 4 = 2*z. Suppose 0 = -3*r - z - 3. Let n(o) = 2*o. Give n(r).
-6
Let y(p) be the third derivative of -p**8/2240 - p**7/2520 - p**6/720 + 2*p**5/15 - 3*p**2. Let t(o) be the third derivative of y(o). What is t(-1)?
-8
Let x(r) = -r**3 - 2*r**2 + 4*r - 4. Let b be (-14)/63 + (-76)/(-18). Suppose 5*u = 4*u - b. Calculate x(u).
12
Let w = 6 - 6. Let x be w*(-2 - 3/(-3)). Let q(t) = 4*t + 1. Let z(h) = -7*h - 2. Let p(m) = 5*q(m) + 3*z(m). Give p(x).
-1
Let g(a) = -3*a - 5. Let o(l) = -l + 2. Suppose -k + 4 = -4*h, -18 = 5*k + 2*h - 60. Suppose -k = 2*z, -5*q - z = -2*z - 34. Let t be o(q). Give g(t).
7
Let o(n) be the first derivative of 2*n**3/3 - 3*n**2/2 + n + 3. Let y be o(2). Let u(d) = 2*d - 3. Determine u(y).
3
Let q(f) be the first derivative of -f**2 - 4*f + 14. Let t be (4/6)/((-2)/12). What is q(t)?
4
Let v(h) be the second derivative of 1/20*h**5 + 0*h**3 + 1/4*h**4 + 3/2*h**2 + 0 + h. Calculate v(-3).
3
Suppose 3*s + 9 = 0, -20 = 4*x - 3*s - s. Let l be ((-6)/x)/(1/4). Let t(g) = g**2 - g + 1. Determine t(l).
7
Let n(i) be the second derivative of -i**4/12 - 4*i**3/3 - 9*i**2/2 - 18*i - 1. Give n(-4).
7
Suppose -3*y = -3 + 12. Suppose -2*f + 2 = -2. Let x(t) = 2*t - t**2 - 4 - 2*t**f + 2*t**2 - 2*t**2 - t**3. What is x(y)?
-10
Let d(u) be the third derivative of -u**8/20160 + u**7/1260 - u**6/720 - u**5/20 + u**2. Let l(c) be the third derivative of d(c). Let g = 6 + -1. Give l(g).
-6
Let y(h) = h**3 + 7*h**2 + 6*h + 4. Suppose 0 = 4*l - 0*l + 16, 3*k - 4*l = -2. Determine y(k).
4
Let i(v) be the third derivative of 0 - v**2 + 1/60*v**5 - 1/3*v**3 + 0*v + 5/24*v**4. Give i(-4).
-6
Suppose 0 = -2*j - 76 + 226. Let y = -52 + j. Let l(z) = -23 - 6*z + y. What is l(-1)?
6
Let i(g) = g**3 - g**2 - g - 5. Suppose -3*b - 2*b = 0. What is i(b)?
-5
Suppose -34 = 3*l + 5*w, -l + 5*w = 12 - 34. Let a(p) = p**3 + 2 - 4*p + 3*p**2 + 4*p - 2*p**2 - 3*p. What is a(l)?
-7
Let g(s) be the first derivative of -s**2/2 + 5. Let m be (-1 - -2) + -2 + 2. Let n be g(m). Let l(k) = 3*k**3 + k**2. Determine l(n).
-2
Let r(n) = -n - 11. Suppose 3*w - 3*s + 18 = 0, 6*w + 5*s + 30 = w. What is r(w)?
-5
Let j = -5 - -8. Let o(f) = 1 + j*f**2 - f + 4*f - 2*f**2. Give o(-4).
5
Let r(f) = f - 14. Let s be r(6). Let x = 9 + s. Let p(k) = 2*k**2 - 3. Let v(y) = -y**2 + 4. Let h(c) = 5*p(c) + 4*v(c). What is h(x)?
7
Suppos